{"id":28,"date":"2008-01-20T10:32:54","date_gmt":"2008-01-20T09:32:54","guid":{"rendered":"http:\/\/ressources.espacedoc.net\/?page_id=28"},"modified":"2008-02-24T17:06:40","modified_gmt":"2008-02-24T16:06:40","slug":"page-dessai","status":"publish","type":"page","link":"https:\/\/ressources.espacedoc.net\/?page_id=28","title":{"rendered":"Contact"},"content":{"rendered":"<p>.<\/p>\n<p>Vous avez des remarques g\u00e9n\u00e9rales \u00e0 formuler ?<\/p>\n<p>Des liens \u00e0 partager ?<\/p>\n<p>Des suggestions ?<\/p>\n<p>.<\/p>\n<p>Merci d&rsquo;adresser<\/p>\n<p><a href=\"mailto:%74%68%69%65%62%61%75%64%40%66%6F%72%6D%61%63%74%69%6F%6E%2E%63%68\" target=\"_blank\">un E-mail \u00e0 Marc Thi\u00e9baud<\/a>.<\/p>\n<p>.<\/p>\n","protected":false},"excerpt":{"rendered":"<p>. Vous avez des remarques g\u00e9n\u00e9rales \u00e0 formuler ? Des liens \u00e0 partager ? Des suggestions ? . Merci d&rsquo;adresser un E-mail \u00e0 Marc Thi\u00e9baud. .<\/p>\n","protected":false},"author":1,"featured_media":0,"parent":0,"menu_order":0,"comment_status":"open","ping_status":"closed","template":"","meta":{"footnotes":""},"class_list":["post-28","page","type-page","status-publish","hentry"],"_links":{"self":[{"href":"https:\/\/ressources.espacedoc.net\/index.php?rest_route=\/wp\/v2\/pages\/28","targetHints":{"allow":["GET"]}}],"collection":[{"href":"https:\/\/ressources.espacedoc.net\/index.php?rest_route=\/wp\/v2\/pages"}],"about":[{"href":"https:\/\/ressources.espacedoc.net\/index.php?rest_route=\/wp\/v2\/types\/page"}],"author":[{"embeddable":true,"href":"https:\/\/ressources.espacedoc.net\/index.php?rest_route=\/wp\/v2\/users\/1"}],"replies":[{"embeddable":true,"href":"https:\/\/ressources.espacedoc.net\/index.php?rest_route=%2Fwp%2Fv2%2Fcomments&post=28"}],"version-history":[{"count":0,"href":"https:\/\/ressources.espacedoc.net\/index.php?rest_route=\/wp\/v2\/pages\/28\/revisions"}],"wp:attachment":[{"href":"https:\/\/ressources.espacedoc.net\/index.php?rest_route=%2Fwp%2Fv2%2Fmedia&parent=28"}],"curies":[{"name":"wp","href":"https:\/\/api.w.org\/{rel}","templated":true}]}}