{"id":2,"date":"2007-12-17T09:43:25","date_gmt":"2007-12-17T08:43:25","guid":{"rendered":""},"modified":"2008-03-24T09:06:20","modified_gmt":"2008-03-24T08:06:20","slug":"a-propos","status":"publish","type":"page","link":"https:\/\/ressources.espacedoc.net\/?page_id=2","title":{"rendered":"Accueil"},"content":{"rendered":"<p><a title=\"entry070227-234606\" name=\"entry070227-234606\"><\/a><a title=\"entry070227-234606\" name=\"entry070227-234606\"><\/a><br \/>   Ce site est d\u00e9di\u00e9 au partage de ressources, notamment dans le domaine informatique<br \/>\nLes pages sont class\u00e9es par cat\u00e9gories et par dates de parution (voir colonne de droite).<br \/>    \t \t\tCe site est r\u00e9guli\u00e8rement mis \u00e0 jour.<\/p>\n<p>Vous aurez un aper\u00e7u de l\u2019ensemble du site en cliquant sur \u201c<a href=\"..\/..\/..\/..\/..\/..\/?page_id=6\">Carte du site<\/a>\u201c.<\/p>\n<p>Les pages y apparaissent class\u00e9es par cat\u00e9gorie puis par ordre chronologique (de la plus r\u00e9cente \u00e0 la plus ancienne).<\/p>\n<p>Vous pouvez partager vos commentaires en cliquant sur le lien \u201ccommentaire\u201d de chaque page-article.<\/p>\n<div class=\"entrybody\"><a href=\"..\/..\/..\/..\/..\/..\/?page_id=6\"><\/a><\/p>\n<p>Pour \u00eatre tenu-e au courant des nouveaut\u00e9s ou partager vos suggestions, veuillez communiquer en visitant le lien \u201c<a href=\"..\/..\/..\/..\/..\/..\/?page_id=28\">Contact<\/a>\u201c.<\/p>\n<p>Vous pouvez \u00e9galement vous abonner aux flux RSS : <br \/><a href=\"..\/..\/..\/..\/..\/..\/?feed=rss2\">Articles (RSS)<\/a> et <a href=\"..\/..\/..\/..\/..\/..\/?feed=comments-rss2\">Commentaires (RSS)<\/a>.<\/p>\n<p>   Bonne lecture ! <\/p>\n<div class=\"entrybody\"><a title=\"entry070227-234606\" name=\"entry070227-234606\"><\/a><\/div>\n<p><\/p>\n<p>&#160;&nbsp;&nbsp;&nbsp;&nbsp;&nbsp;&nbsp;&nbsp;&nbsp;&nbsp;&nbsp;&nbsp;&nbsp;&nbsp;&nbsp;&nbsp;&nbsp;&nbsp;&nbsp;&nbsp;&nbsp;&nbsp;&nbsp;&nbsp;&nbsp;&nbsp; Marc Thi\u00e9baud<\/p>\n<\/div>\n<p><\/p>\n","protected":false},"excerpt":{"rendered":"<p>Ce site est d\u00e9di\u00e9 au partage de ressources, notamment dans le domaine informatique Les pages sont class\u00e9es par cat\u00e9gories et par dates de parution (voir colonne de droite). Ce site est r\u00e9guli\u00e8rement mis \u00e0 jour. Vous aurez un aper\u00e7u de l\u2019ensemble du site en cliquant sur \u201cCarte du site\u201c. Les pages y apparaissent class\u00e9es par [&hellip;]<\/p>\n","protected":false},"author":1,"featured_media":0,"parent":0,"menu_order":0,"comment_status":"open","ping_status":"open","template":"","meta":{"footnotes":""},"class_list":["post-2","page","type-page","status-publish","hentry"],"_links":{"self":[{"href":"https:\/\/ressources.espacedoc.net\/index.php?rest_route=\/wp\/v2\/pages\/2","targetHints":{"allow":["GET"]}}],"collection":[{"href":"https:\/\/ressources.espacedoc.net\/index.php?rest_route=\/wp\/v2\/pages"}],"about":[{"href":"https:\/\/ressources.espacedoc.net\/index.php?rest_route=\/wp\/v2\/types\/page"}],"author":[{"embeddable":true,"href":"https:\/\/ressources.espacedoc.net\/index.php?rest_route=\/wp\/v2\/users\/1"}],"replies":[{"embeddable":true,"href":"https:\/\/ressources.espacedoc.net\/index.php?rest_route=%2Fwp%2Fv2%2Fcomments&post=2"}],"version-history":[{"count":0,"href":"https:\/\/ressources.espacedoc.net\/index.php?rest_route=\/wp\/v2\/pages\/2\/revisions"}],"wp:attachment":[{"href":"https:\/\/ressources.espacedoc.net\/index.php?rest_route=%2Fwp%2Fv2%2Fmedia&parent=2"}],"curies":[{"name":"wp","href":"https:\/\/api.w.org\/{rel}","templated":true}]}}